 o?
2
Suppose 9 + 6 = 5*m. What is the greatest common divisor of 27 and m?
3
Let k be (5 - 0) + (-2)/(-2). Suppose 5*w = -2*m + 45, m - 8 = -5*w + 27. Let z(x) = 2*x - 11. Let d be z(m). Calculate the highest common divisor of d and k.
3
Let k be ((-12)/(-8))/((-2)/(-44)). Let z be (-64)/(-3) + 4/6. Suppose k = 5*x - z. What is the greatest common divisor of 99 and x?
11
Let m(p) be the first derivative of -7*p**2/2 - p + 1. Let v be m(1). Let f = -5 - v. Calculate the greatest common divisor of 33 and f.
3
Let h(z) be the first derivative of -5*z**2 - 7. Suppose -2*r - 5*j = 17, -2*j + 6*j + 15 = -3*r. Let s be h(r). What is the greatest common factor of 80 and s?
10
Let n(d) = -2*d - 30. Let t be n(-17). What is the greatest common divisor of t and 16?
4
Let g(j) = 2*j**2 + 3*j + 1. Let w be g(-7). Calculate the greatest common divisor of 26 and w.
26
Let b(s) be the second derivative of -s**5/20 - s**4/2 - 7*s**3/6 + s**2 - s. Let m be b(-5). Calculate the highest common divisor of 18 and m.
6
Let h(x) = x**2 - 9*x + 11. Let i be h(8). Suppose i*r - p + 6 = 34, 2*r + p - 27 = 0. Calculate the highest common factor of 121 and r.
11
Suppose 9*x = 4*x + 10. Suppose x = r - 9. Let m(q) = q**2 + 2*q + 3. Let c be m(-4). What is the greatest common divisor of r and c?
11
Suppose -2*c + 5*c = 5*s + 6, -5 = -2*c + 3*s. Calculate the greatest common factor of c and 70.
7
Let z = 195 + -129. Calculate the greatest common divisor of 6 and z.
6
Suppose 9*r = 6*r + 75. Calculate the highest common factor of 25 and r.
25
Suppose -3*v + 13 = 5*t - 5*v, 2*t = 5*v + 1. Let b be (8/2)/(t - 2). Let k be 0 + 9 + (2 - 1). Calculate the highest common factor of b and k.
2
Let s be (-3)/3*2*-23. Suppose -2*v - s = -126. Suppose 0*l - l = -v. Calculate the highest common divisor of l and 5.
5
Suppose 4*d = 3*d. Let p(m) = m + 126. Let y be p(d). What is the highest common factor of y and 14?
14
Let s = 9 - 1. Calculate the highest common factor of s and 40.
8
Let p(t) = -t**3 - 8*t**2 - 3*t. Let f be p(-9). Calculate the greatest common divisor of 12 and f.
12
Let d be (15/12)/((-1)/(-4)). Suppose -w + k = 4*w - 606, 2*w + d*k - 264 = 0. Let l = 186 - w. What is the highest common factor of l and 16?
16
Let p = 75 + -15. What is the greatest common factor of 150 and p?
30
Suppose 0 = 5*v - 3*j - 255, -2*v + 128 = 6*j - 2*j. Calculate the greatest common factor of 18 and v.
18
Let p = -2 - -2. Let x be (1 + 435 + p)*1. Let j = -238 + x. What is the highest common factor of j and 18?
18
Let k = -9 + 12. Calculate the greatest common factor of k and 3.
3
Let c = 32 - -297. Calculate the highest common divisor of 47 and c.
47
Suppose -2*a + 3*w + 2 = 6, 0 = 3*a - 4*w + 4. Let y(f) = 3*f + 2. Let l be y(a). Suppose -2*u = -4 - 0. What is the greatest common factor of u and l?
2
Suppose 12*s - 11*s - 91 = 0. Suppose 13 = 3*c - 2*c. Calculate the greatest common divisor of s and c.
13
Suppose 4*l - 268 = -j - 3*j, 5*l = 4*j + 326. What is the greatest common divisor of l and 22?
22
Suppose -3*l = -w + 9, -2*w + 33 = w - 3*l. Let t = 20 - 2. What is the greatest common factor of t and w?
6
Suppose x - 4*y - 53 = 0, -2*x - 7 = -2*y - 83. Suppose 3*i = 5*i - 22. What is the greatest common divisor of x and i?
11
Suppose 0 = -4*q + 67 - 19. Calculate the highest common factor of 84 and q.
12
Let r be (7/14)/(1/(-11))*-4. Calculate the highest common factor of r and 220.
22
Let o = -41 + 65. Calculate the greatest common factor of 6 and o.
6
Let g be (19 + -16)/(-1 - -2). What is the greatest common divisor of g and 3?
3
Suppose -3*l + 48 = l. Let n = 13 + -8. Let t be ((-2)/(-1))/(n/270). Calculate the highest common divisor of t and l.
12
Let m be ((-4)/1)/2 + 21. Let s = m + -5. Calculate the highest common divisor of s and 154.
14
Let f(v) = -2*v + 4. Let j be f(-6). Let t = -1 + 9. Let u = j - t. Calculate the highest common divisor of 4 and u.
4
Let n be (1 - -20)*8/6. Let z = n + -12. Calculate the greatest common divisor of z and 96.
16
Let o = 1 + 7. What is the greatest common divisor of o and 136?
8
Let c = 97 + -67. Calculate the greatest common divisor of c and 10.
10
Suppose 48 = -4*k + 7*k. What is the greatest common divisor of 80 and k?
16
Suppose 0 = 4*b - 5*b + 2. Suppose 4*a = -2*u + 12, 0*u - 2*u + 4 = 0. Calculate the greatest common divisor of b and a.
2
Let o(g) = g**2 - g - 8. Suppose 1 = k - 1. Let x be k - 9/3 - -7. Let a be o(x). What is the greatest common divisor of 33 and a?
11
Let z = -6 - -35. Suppose z = 5*r - 6. Let x = 118 + -62. What is the greatest common divisor of x and r?
7
Let d(r) = -r**3 + 11*r**2 - 7*r - 14. Let y be 224/22 - (-2)/(-11). Let f be d(y). What is the highest common factor of f and 8?
8
Suppose -18*f = -19*f + 14. Calculate the greatest common divisor of f and 35.
7
Let r(l) = 11*l + 1. Let u be r(1). Let t be 191/2 + 3/6. What is the greatest common divisor of u and t?
12
Let z(v) = v**2 + 3*v - 4. Let p be z(7). Calculate the greatest common divisor of 6 and p.
6
Let z = 55 + -20. What is the highest common divisor of z and 7?
7
Let j(h) = 2*h + h**2 + 6 - 2*h + 5*h + 0*h**2. Let v be j(-10). Let f(q) = 2*q - 4. Let s be f(6). Calculate the highest common factor of s and v.
8
Let c be (-14)/2*60/(-21). Suppose 260 = -4*z + 5*z. Suppose 5*u = -0*y - 5*y + z, 0 = -2*y + 5*u + 90. What is the greatest common factor of c and y?
10
Suppose 3*o + 1 = 10. Suppose h - 83 = o*f, h - 5*f = -2*h + 245. What is the highest common divisor of 10 and h?
10
Let u be 4 + 4/(6 + -4). Calculate the highest common factor of u and 6.
6
Suppose -4*k + 286 = -54. Suppose 29 + 5 = f. Calculate the highest common factor of f and k.
17
Suppose 0 = -t + 5*l + 91, 5*l = 3*t - 6*t + 213. What is the highest common divisor of t and 19?
19
Let z be (234/(-4))/((-3)/(-4)). Let r = 158 + z. Calculate the highest common divisor of r and 10.
10
Let r be (13 + 1)/((-8)/4 - -3). Suppose -3*l + 435 = -0*l. Suppose -4*f + 5*z = -0*f - l, -69 = -2*f - z. Calculate the highest common factor of r and f.
7
Suppose 6*u - u - 495 = 0. Suppose 4*i - 27 = -2*p + i, 0 = -4*p - i + 59. Suppose 4*g - 21 = p. What is the highest common factor of u and g?
9
Let w = -7 - 0. Let i be 7*(-6)/w*1. Calculate the highest common divisor of 12 and i.
6
Let j(p) = 2*p**2 + p + 1. Let f be j(-2). Let y = -4 + f. Calculate the greatest common factor of 12 and y.
3
Suppose -3*p + 2*x + 312 = 0, -3*x - 2*x = 2*p - 208. What is the greatest common factor of 13 and p?
13
Let u be 3/(27/(-6))*-105. Let p(r) = r**3 - 5*r**2 - 3*r - 8. Let c be p(6). What is the greatest common factor of u and c?
10
Let k = 156 + -92. Let i be ((-3)/(-6))/(2/64). What is the highest common divisor of k and i?
16
Let u = -81 - -91. Suppose -3*b + 4 = b. What is the greatest common divisor of u and b?
1
Let o(x) = -20*x - 65. Let z be o(-5). Calculate the greatest common divisor of z and 21.
7
Suppose w + 3 = 6, -w - 357 = -4*n. Suppose 0*z - n = -3*x - 4*z, 0 = -5*z. What is the greatest common divisor of 12 and x?
6
Let v be 592/6 + 6/18. Calculate the greatest common factor of 9 and v.
9
Let w(h) = -h**2 + 13*h - 14. Let i be w(11). Suppose -i = -l + 16. What is the highest common divisor of 216 and l?
24
Let b(t) = 13*t**2 - 26*t + 5. Let z be b(3). What is the highest common factor of 110 and z?
22
Suppose 0 = -5*d - 16 - 44. Let m be 3/(-18) + (-110)/d. Calculate the highest common divisor of m and 1.
1
Let i = 343 - 244. What is the greatest common divisor of i and 11?
11
Let d(b) = 110*b + 21. Let j be d(3). What is the greatest common factor of 39 and j?
39
Let k(l) = -l + 8. Let j be k(4). Suppose j*m + 4*n - 52 = 0, 4*m + 5*n - 55 = -0*m. Calculate the highest common factor of 30 and m.
10
Suppose 5*w - 168 = -3. Calculate the highest common factor of 11 and w.
11
Let o(c) = 3*c**2 - 5*c + 2. Let w be o(6). Let h = -7 - -51. Suppose 2*d - h = 20. What is the greatest common divisor of d and w?
16
Suppose -c + 5*c = 24. What is the highest common factor of c and 6?
6
Let l = -25 - -25. Suppose 0 = -l*t - 2*t + 12. Calculate the highest common factor of t and 54.
6
Suppose 2*k + n - 9 - 26 = 0, -56 = -3*k + 2*n. Suppose 4*h - k = -2*u, -4*h + 3 = u - 6. Calculate the greatest common factor